-3 - p. What are the prime factors of y?
2
Let z(j) = j**2 - 18*j + 9. What are the prime factors of z(-5)?
2, 31
Let x(t) = 5*t**2 + 8*t - 20. List the prime factors of x(-8).
2, 59
Let a be (-4)/20 + (-382)/(-10). Suppose 3*h - h = a. List the prime factors of h.
19
Let k = 22 + -19. Suppose 0 = -k*t + 6*t - 30. What are the prime factors of t?
2, 5
Let z = 1 + -2. What are the prime factors of (-68)/4*z + 0?
17
Let g(m) = m. Let q be g(-5). Let r = -2 - q. Suppose 5*v - 6 = -4*t, -v - 3*t = 2*v - r. What are the prime factors of v?
2
Suppose 3*s - 55 = -4*d + 234, 4*s = d + 417. Suppose 23 = -4*l + s. List the prime factors of l.
2, 5
Let d(u) = -8*u**3 - 2*u - 1. Let y(o) = o**2 + o - 4. Let i be y(-3). Suppose 3*l + 3 = -2*m, l - m + 3 = -i*l. What are the prime factors of d(l)?
3
Let f be -15 + 3/(1 + 2). Let u = -11 - f. List the prime factors of u.
3
List the prime factors of 8/(-44) + 1491/33.
3, 5
Suppose 140 = t - 5*t. List the prime factors of (-15)/25*t*1.
3, 7
Let r(u) = -13*u + 19. Let p(t) = 7*t - 9. Let h(m) = 11*p(m) + 6*r(m). What are the prime factors of h(0)?
3, 5
Suppose -4*a - 248 = -5*l, -3*l - 3*a + 214 = 49. What are the prime factors of l?
2, 13
Suppose k - 2*k = -1. Let y be k*(2*-27)/(-1). Suppose 0*x = 5*z - x - y, 3*z + 4*x = 14. List the prime factors of z.
2, 5
Let b = -5 - -12. List the prime factors of b.
7
Let c = -5 + 9. Let s = -11 - -14. Suppose s*v + c = 28. List the prime factors of v.
2
What are the prime factors of 3/(1 - 96/105)?
5, 7
Suppose h - 2*h + 37 = -2*s, -5*s - 115 = -3*h. What are the prime factors of h?
3, 5
Let u(o) = -o**2 + 3*o. Let l be u(3). Suppose -2*v - 3*v + 235 = -5*y, -3*v + 5*y + 135 = 0. Suppose l = 5*j - 0 - v. What are the prime factors of j?
2, 5
Suppose -15 = s - 6*s. Let o(i) = -i**2 + 4*i + 2. Let b be o(s). Suppose -v = -b*v + 40. List the prime factors of v.
2, 5
Let u = 7 - 3. Suppose -88 - 21 = -5*g - u*f, f + 104 = 5*g. What are the prime factors of ((-2)/1)/((-6)/g)?
7
Let l be (4/3)/(-4)*-15. Let u = 10 - l. Suppose -66 - 9 = -u*r. What are the prime factors of r?
3, 5
Let v(z) = -z**3 + 6*z**2 + 7*z + 3. Let m be v(7). Suppose -47 = -3*o + 2*k, -2*o + m*k + 78 = 3*o. Let n = 25 - o. List the prime factors of n.
2, 5
Suppose -4*p - 2*o = -1330, 58 = 2*p + 4*o - 604. List the prime factors of p.
3, 37
Let y = 125 - 38. What are the prime factors of y?
3, 29
Let l(w) = w**3 + 7*w**2 + 8. Let y be l(-7). Let u be y/(-28) - 30/(-7). Suppose -7 = -u*c + 5*j, -j + 41 = 5*c - 4. What are the prime factors of c?
2
Let v(b) = -2*b + 22. What are the prime factors of v(-19)?
2, 3, 5
Suppose 12 = 5*b - 3*b - 4*z, 5*b = 4*z + 12. Let u = b - -4. What are the prime factors of u?
2
Suppose -2*w = -2, g + 3*w = 2*w + 23. List the prime factors of g.
2, 11
Let q = 59 + 26. List the prime factors of q.
5, 17
Let p = 83 + -20. List the prime factors of p.
3, 7
Suppose -4*p - 45 = -9*p. What are the prime factors of (5*1)/(p/27)?
3, 5
Let v(m) be the first derivative of -m**4/4 + m**2/2 + 23*m + 4. List the prime factors of v(0).
23
Let x be (-5)/((-5)/6) + -1. Let a(j) = -j**3 + 7*j**2 - j. Let b be a(5). Suppose b = x*t - 10. List the prime factors of t.
11
Let p(n) = n**2 - 2*n + 2. Let m(f) = f. Let h(b) = 3*m(b) - p(b). Let i be h(4). Suppose -i*w + 4 = -w. List the prime factors of w.
2
Suppose a - 7*a + 72 = 0. What are the prime factors of a?
2, 3
Let q(i) = i + 5. Let b be q(-5). Suppose b = -3*s + s. Let v = s + 3. What are the prime factors of v?
3
Let h = 20 - -3. What are the prime factors of h?
23
Suppose 1 = q - 4. What are the prime factors of q?
5
Let i = -5 - -7. Let o be -2 - (-2 + -2*i). Suppose 8 + 4 = o*g. What are the prime factors of g?
3
Let v = 97 + -58. What are the prime factors of v?
3, 13
Let b be (-26)/(-6) - (-2)/(-6). Let z = -27 - -9. List the prime factors of b/z - (-276)/27.
2, 5
Let s = 12 + 4. What are the prime factors of s?
2
Let w(m) be the third derivative of -m**4/6 + 2*m**3/3 - 2*m**2. List the prime factors of w(-4).
2, 5
Suppose 1 = 5*g - 14. List the prime factors of (-8)/g*(-45)/5.
2, 3
What are the prime factors of (-9)/3 - (4 - 92)?
5, 17
Let f = 6 + -2. Suppose -f*h + 1 = -7. Suppose -2*a = z - 11, 0 = -h*a - 2*a + 3*z + 7. What are the prime factors of a?
2
Suppose -2*n = -72 + 454. List the prime factors of 1/(-5) + n/(-5).
2, 19
Let b = -13 + 24. Suppose 0 = -6*m + 5*m + b. List the prime factors of m.
11
Let x = 24 + -35. Let s = 22 + x. What are the prime factors of s?
11
Suppose 3*q = 4*m + 67, 0*q + 59 = -4*m - 5*q. List the prime factors of m/(-6)*153/34.
2, 3
Suppose 2*l + 0 = 4. Suppose 3*p + 63 = 2*w, 3*p - 4*p = -l*w + 65. List the prime factors of w.
3, 11
Suppose 5*f = -3*c + 886, 0*c - c + 713 = 4*f. List the prime factors of f.
179
Suppose 0 = 2*w + r - 8, 0*r + r = -5*w + 17. Suppose 3*x - 2*x + 5*i = 21, 63 = w*x + 5*i. List the prime factors of x.
3, 7
Suppose -2*z - 2*z + 564 = 0. Suppose -n + z = 2*n. List the prime factors of n.
47
Let q(u) = u**3 - 16*u**2 + 14*u - 19. Let s be q(16). Suppose 2*r - 7*r + s = 0. What are the prime factors of r?
41
Suppose -4*a + a - 3*i + 39 = 0, 5*a - 4*i = 56. Suppose 0*v = v - a. What are the prime factors of (44/v)/(2/6)?
11
Let x(d) = d**2 + d + 2. Let s be x(0). Suppose -3*r - 5*a - 29 = -96, s*r - 53 = -5*a. What are the prime factors of r?
2, 7
Suppose 108 = -10*j + 13*j. What are the prime factors of j?
2, 3
Let f(i) = i**3 - 5*i**2 + 2*i - 5. Suppose -4*s - 2*a + 26 = -0*s, 4*a - 27 = -3*s. What are the prime factors of f(s)?
5
Let v(i) = i**2 - 5*i - 10. Let a be v(7). Suppose -5*x - 3*z = -3 - a, -2*x = -2*z - 6. List the prime factors of x.
2
Let s(t) = t**3 + t**2 - t + 12. Let i = -6 + 7. Let o be (0/i)/(8/(-4)). List the prime factors of s(o).
2, 3
Let s(m) = 32*m**2 + 2*m + 1. What are the prime factors of s(-1)?
31
Let l(t) = 13*t**3 - t**2. What are the prime factors of l(1)?
2, 3
Let b = 18 - 12. Let q(c) = c**3 - 5*c**2 - 6*c + 4. Let h be q(b). Suppose -36 = -h*x + 2*x. List the prime factors of x.
2, 3
Suppose -5*y + 5*r + 40 = 0, -y + 2*r = 3*y - 24. List the prime factors of (y/(-2))/(2/(-3)).
3
Let c(i) = -i**3 - 2*i**2 - 3*i - 3. Let g be 18/22 + (-4)/(-22). Let z be -2 + (g + -1)/(-2). What are the prime factors of c(z)?
3
Let b(p) = -26*p - 9. List the prime factors of b(-3).
3, 23
Let d(y) = y**3 + 3*y**2 - y + 2. Let j be d(-4). Let w = 14 + j. Suppose -w*o + 33 = 3*b, 2 - 7 = b. List the prime factors of o.
2, 3
Let v(q) = q - 13. Let m be v(13). Suppose 2*k = 4*f - 8 - 50, m = -3*f + 2*k + 44. List the prime factors of f.
2, 7
Suppose -6*b - 12 = -10*b. What are the prime factors of b?
3
Let g(r) = 5*r - 7. Let h be g(7). Suppose d + d - h = 0. List the prime factors of d.
2, 7
Let w be -3*(-8)/60*120. Suppose -b + 9 + w = 0. List the prime factors of b.
3, 19
Let u = 3 + -3. Suppose -b + u + 5 = 0. What are the prime factors of b?
5
List the prime factors of (-9)/((-27)/138)*6.
2, 3, 23
Suppose 95 = -0*o + 5*o. Let g(n) = -13*n**3 + n + 1. Let l be g(-1). Suppose -5*h + z + o = 0, 0*h + 3*z = 4*h - l. What are the prime factors of h?
2
Let u(c) be the first derivative of -9*c**2/2 - c - 3. Let t = 2 - 3. What are the prime factors of u(t)?
2
Let l(f) = f**2 + 3*f + 4. What are the prime factors of l(6)?
2, 29
Suppose 0*x = -3*x + 12. Suppose u + x*u - 60 = 0. List the prime factors of u.
2, 3
Let h = 113 + -47. What are the prime factors of ((-2)/4)/((-1)/h)?
3, 11
Let t be (-5)/(30/4)*-6. Let x = 8 + -2. Suppose x = 3*s - 4*z, -3*z + 5*z = -t*s + 30. List the prime factors of s.
2, 3
Let d(l) = l**2 + l - 4. Let j be d(-3). Let g be ((-1)/(1/j))/(-1). Suppose 5*o + 0*m + 5*m - 80 = 0, 8 = g*m. What are the prime factors of o?
2, 3
Let c be (4/6)/((-4)/(-6)). Suppose -4*m = -3*t + 15, 2*t - 3*m - 8 = 3*t. What are the prime factors of 0 + (14 - (t + c))?
2, 3
Let g be 2/(-1*(3 - 2)). What are the prime factors of -7*(-1 + g + 1)?
2, 7
Suppose 3*g = 4*c + 26, -g - 4*c - 14 = -2*g. What are the prime factors of (-8)/12 - (-154)/g?
5
Let w = 23 - 20. Let i(d) = 2*d**2 + d + 4. List the prime factors of i(w).
5
Let w = 3 + 2. Let y(u) = -4*u + 6. Let p be y(w). List the prime factors of p/(-8) + 3/12.
2
Let v(n) = -n**3 + n**2 + 2*n - 3. Let q